atest common divisor of j and 7067?
191
Let t(k) = -6*k**3 - 10*k**2 + 10. Let o be t(-2). What is the highest common divisor of 2682 and o?
18
Let i = -11782 - -12502. Calculate the highest common factor of i and 414.
18
Let y be (-61)/(-3) + 110/(-330). Calculate the greatest common factor of y and 3620.
20
Suppose -3*d + 2*c = -3457, -d + 2*c + 1188 - 41 = 0. Let g be 4/(-6) - (-188)/12. Calculate the greatest common divisor of g and d.
15
Let s be (8/(-1 + -1) - -4)/(-2). Suppose s = 2*w - 6, -4*w - 115 - 193 = -4*i. What is the highest common divisor of i and 32?
16
Let u(q) = -q**2 + 62*q - 397. Let d be u(11). What is the greatest common divisor of 2091 and d?
41
Suppose 2*y - 4*b = 32, 10*y - 14*y + 52 = -5*b. What is the greatest common factor of y and 1674?
2
Let c(k) = -2334*k + 184. Let r be c(-6). What is the greatest common factor of 4 and r?
4
Let u(l) = 11*l + 13. Let h be u(-4). Let m = 43 + h. Suppose q - m = -n - 2*q, n + q = 18. Calculate the greatest common divisor of 3 and n.
3
Let j = -2511 - -4924. What is the greatest common factor of 76 and j?
19
Let r(s) = 13*s**2 - 29*s + 81. Let z be r(3). Suppose 5*d = 2*y - 74, 5*d - z = 78*y - 81*y. Calculate the greatest common divisor of y and 407.
37
Let w = 6591 - 5703. Calculate the greatest common divisor of w and 60.
12
Let j = -896 + 1712. Suppose -6*i + 5*i + 386 = -5*r, -r = 2*i - j. What is the highest common divisor of i and 58?
58
Let h(p) = 55*p + 7738. Let u be h(-22). Calculate the greatest common factor of u and 144.
48
Suppose -39*v + 847 = -10*v - 9013. Calculate the greatest common factor of 140 and v.
20
Suppose 6*w = 107 - 161. Let h(t) = t**3 + 10*t**2 - 12*t - 9. Let r be h(w). Calculate the greatest common divisor of 72 and r.
36
Suppose -30*i - 5393 = -10133. Calculate the greatest common divisor of i and 5925.
79
Let h(c) be the third derivative of c**5/6 - 7*c**4/24 - 55*c**2. Let f be h(-2). What is the highest common factor of f and 18?
18
Let t(z) = z**3 - 6*z**2 + 17*z - 7. Let k be t(3). Suppose -20 = -5*b, -k*b + 250 = 2*c - 12*b. Calculate the greatest common divisor of 5 and c.
5
Let c be 1/(((-6)/(-8))/3). Suppose 3*u + 0*u - 8 = -c*y, 0 = 3*u + 5*y - 7. Let j be 29/u + 7/4 + -2. What is the highest common divisor of 35 and j?
7
Suppose 4*s - 5*i = 854, 39*s - 43*s + i + 862 = 0. What is the greatest common factor of s and 45?
9
Suppose 9*l - 286 = 7*l - 4*u, 4*l + 3*u - 582 = 0. Let d = l + 14. Let g = d + -36. Calculate the greatest common divisor of g and 25.
25
Suppose 19*w = 14*w + 20. Suppose -11*v + 7 = -w*v. What is the highest common factor of v and 16?
1
Let c = 2886 - 2883. Calculate the greatest common divisor of 1389 and c.
3
Let s(n) = 4*n**2 - 12*n + 10. Let j be s(5). Let b be -20*(-3 + (-660)/j). What is the highest common divisor of 405 and b?
81
Suppose 3*h + 3*l = 6835 + 518, -3*h + 5*l = -7345. Calculate the greatest common divisor of 10 and h.
10
Let z(x) = 2*x**2. Let q be z(-1). Suppose -3*a + 3 + 10 = q*o, -2*a = -3*o. Let f be (99/110 - 1/o)*5. What is the greatest common divisor of f and 10?
2
Suppose 73*a - 935 = 68*a. Let k(y) = y**3 + 8*y**2 - y + 3. Let q be k(-8). Calculate the greatest common factor of a and q.
11
Let u be (2 - 12/5)/((-1)/(-245)). Let j = u + 131. Suppose -f = -2*f + j. What is the highest common divisor of 11 and f?
11
Let z be (-18)/16 - -1 - (-2659010)/13840. What is the greatest common divisor of z and 5856?
96
Let x = -77 + 80. Suppose x*p + 0*p - 21 = 0. Let g be 27 - (p + -4)*1. Calculate the highest common factor of g and 3.
3
Let a = -24 - -39. Let d(n) = 107*n**2 - 2012*n - 129. Let r be d(19). What is the greatest common divisor of r and a?
15
Let p(i) = i**2 + 26*i + 28. Let v be p(-12). Let m be 84/v + 186/10. What is the highest common factor of m and 2?
2
Let d(l) = 36*l**2 + 115*l + 26. Let c be d(-5). Calculate the highest common factor of 1161 and c.
27
Let y be 62*2007/12*30/45. Calculate the greatest common divisor of 62 and y.
31
Let c be 2/(-31) - 147616/(-868). Calculate the greatest common divisor of 85 and c.
85
Let f(j) be the first derivative of 3*j**2/2 + 4*j - 37. Let b be f(0). What is the highest common divisor of b and 8?
4
Let c be (183/(-4))/(3*(-5)/520). Suppose -c = -2*s - 2*s - 2*w, s - 392 = 4*w. Calculate the greatest common factor of 36 and s.
36
Suppose -87*o = -25*o - 874 - 428. Let g be 1/(2/(-4)) + 6. Let z be 80/(g/2) - -2. What is the highest common divisor of o and z?
21
Suppose 2*x - 4*b - 3636 = 0, -3*x + x = -3*b - 3636. Suppose 0 = -4*z + x + 666. Suppose z = 15*y - 189. What is the highest common factor of 270 and y?
54
Let f be (-126)/(-21) + (-16 - 1). Let y be (-83 - f)*36/(-16). What is the highest common divisor of 108 and y?
54
Let d = -7687 + 13517. What is the highest common divisor of 110 and d?
110
Let t(q) = -6*q + 20. Let w be t(3). Let b be 4/(-12)*(w + 1). Let x be (b - -18)/((-12)/(-24)). Calculate the greatest common factor of x and 102.
34
Suppose 3*g + 120 = 4*x, -4*g - 156 = -3*x - 73. What is the highest common factor of x and 352?
11
Let s(r) be the second derivative of -r**5/20 - r**4/4 + 3*r**3/2 + 17*r**2 + 5*r - 2. Let a be s(-5). What is the greatest common factor of 9 and a?
3
Let k be 32/(-112) + (-2580)/(-14). Suppose k*n = 195*n - 1353. Calculate the greatest common divisor of n and 3.
3
Let p = 51 + -2. Suppose 4*a + 0*a = j - p, 4*a = -2*j + 158. Let y = j + -34. What is the highest common factor of y and 7?
7
Suppose -b + 134*t = 130*t - 1840, -5478 = -3*b - 2*t. What is the highest common divisor of b and 12?
4
Let f = -89 + 110. Let c be ((-18)/f)/(-1*2/56). Calculate the greatest common divisor of c and 132.
12
Suppose 4*s - 16 = 72. Let y = 33 - s. Suppose 2*f - 2 = -0, 3*f + 228 = 3*g. What is the highest common factor of g and y?
11
Let f(t) = -t**3 - t**2 - 2*t - 17. Let v = -30 - -30. Let c be f(v). Let w be c/136 - 5282/(-16). Calculate the greatest common factor of w and 30.
30
Let p be (6/(-8))/((-57)/380). Let n be (2/4)/(14/28). Calculate the greatest common factor of n and p.
1
Let t(q) = -75*q + 215. Let p be t(1). Calculate the greatest common divisor of 308 and p.
28
Let p be -221*1*3/(-3). Let h be -8 + 32 + 24/6 - (20 + -9). Calculate the highest common divisor of p and h.
17
Suppose -9*k + 1266 = 15*k - 318. Calculate the greatest common divisor of k and 880.
22
Let p be ((-24)/4)/(24/(-16)) - -58. What is the highest common divisor of 5239 and p?
31
Suppose 0 = 2*o + 20*o - 1452. Let w be (o/(-99))/(2/(-6)). What is the highest common factor of 18 and w?
2
Let t be (((-12)/9)/(-1))/((-3)/(-45)). Let p(g) = 3*g - 51. Let v be p(t). Suppose -s = v*s - 360. Calculate the highest common factor of s and 252.
36
Suppose 9*k = -5*k + 4119 - 1963. Suppose g + 28 = 6. Let t be (-2)/(-1) + -2 - g. Calculate the greatest common factor of k and t.
22
Suppose 0 = 383*k - 2775 + 1365 - 4335. Calculate the highest common factor of k and 3225.
15
Let a be (2 - 5)/((-3)/4). Suppose -a*j + 5*s = -55, j + 10 = 2*j - 2*s. Let m be (1 + (-14)/6)/(4/(-30)). What is the greatest common divisor of j and m?
10
Let z = 2394 - -21249. Calculate the highest common factor of 111 and z.
111
Suppose -57*j + 50*j = -1750. Let y = j - 241. Suppose k - 8 = 1. What is the highest common factor of k and y?
9
Let c = 24 + 8. Let s = 77 - c. Let r = -39 + s. Calculate the highest common divisor of 6 and r.
6
Suppose -g + l = -117, -4*g + 2*l + 3*l + 467 = 0. Let x be g/3 + (-6)/(-9). Let a be 2478/168 - 15/(-12). What is the greatest common factor of a and x?
8
Let j be 0 + (-1 + 3 - -108). Suppose 318 - 114 = -17*h. Let v(f) = -2*f**2 - 26*f - 13. Let x be v(h). Calculate the highest common divisor of j and x.
11
Suppose -8*l - 73 = -905. Suppose 2*q = -4*s + 34, -5*s - 5*q + 74 = 24. Let h be (0 - (8 - s))*(-8 - 0). What is the highest common factor of l and h?
8
Let m(q) = -45*q - 371. Let g be m(-9). Suppose 0 = -2*u + u + 272. Calculate the greatest common factor of u and g.
34
Let u(v) = 57*v - 4 - 26*v - 27*v. Let h be u(2). Suppose -4*g - h*p + 199 = -p, -4*p - 12 = 0. Calculate the greatest common factor of 39 and g.
13
Let i = -41029 + 60129. What is the greatest common factor of i and 50?
50
Suppose -34 = -m +